?
3, 11, 839
Suppose -76439 = -4*k - 2271. List the prime factors of k.
2, 73, 127
Let x(y) = y**2 + 16*y - 65. Let m be 5/2*(-72)/(-30). What are the prime factors of x(m)?
67
Let k = 31331 + -3579. List the prime factors of k.
2, 3469
Let h = -4672 - 11982. List the prime factors of h/(-16) + (-13)/(-104).
3, 347
Let s(o) = o**2 + 15*o + 29. Let h be s(-2). Suppose h*b - 8*b = -3510. List the prime factors of b.
2, 3, 13
Suppose 2*i - 26 = i - 2*f, -27 = -i - 3*f. Let o be (-81)/(-2)*i/9. Let s = -35 + o. What are the prime factors of s?
73
Let i be 67144/24 + (8/12)/2. Suppose 4*g - i + 842 = 0. List the prime factors of g.
3, 163
Let z = 34 - 36. Let c be 1 + z + 529 + (2 - 1). Suppose 3*t - 241 - 78 = 2*w, 2*w + c = 5*t. List the prime factors of t.
3, 5, 7
Let r = -19927 + 43149. What are the prime factors of r?
2, 17, 683
Suppose -7*a = -5*a + 4*p - 28554, 4*a - 57024 = 4*p. List the prime factors of a.
17, 839
Let u = 15 - -68. Suppose 4*t = 251 - u. What are the prime factors of (-473)/(-7) + (-24)/t?
67
Suppose 150*v + 40 = 152*v. What are the prime factors of v/(-4) + 3 + 468 + 3?
7, 67
Let z = 13 - 9. Suppose 4*w + 0*o - 52 = -z*o, 4*w = -3*o + 52. Suppose c - 59 + w = 0. What are the prime factors of c?
2, 23
Suppose 2*r - 6 = 2*z, 51*r = 52*r + z - 7. Let a(u) = -22*u + 269. List the prime factors of a(r).
3, 53
Let g(w) = 746*w - 1988. What are the prime factors of g(30)?
2, 2549
Let k = -499 + 1133. Suppose -2*x = -650 - k. What are the prime factors of x?
2, 3, 107
Let o = 22 - 18. Suppose 11*d - 8*d = 330. What are the prime factors of 1044/10 + (o - d/25)?
2, 13
Suppose 13*a - 5*a = 120. Let s be ((-1464)/a)/4 - (-4)/10. Let p = 15 - s. What are the prime factors of p?
3, 13
Suppose 6*w + 0*w = -324. Let r = w + 24. List the prime factors of -3*(-4)/r + (-348)/(-20).
17
Let o = 19585 - 7787. What are the prime factors of o?
2, 17, 347
Let z = 183 + -102. Let l = -14441 + 14503. Let n = z - l. List the prime factors of n.
19
Suppose -5*f + g = 2*g - 195, g - 75 = -2*f. Suppose 3615 = -37*c + f*c. List the prime factors of c.
5, 241
Let z = 8881 + -2516. What are the prime factors of z?
5, 19, 67
Let g(f) = -5*f**2 + 3*f - 1. Let y be g(4). Let l = 72 + y. Suppose l*t = -4*t + 14. List the prime factors of t.
2
Suppose a = -4*n + 1328, 0 = 4*n + a - 6*a - 1352. Suppose v - 3*d - 2*d = 55, 4*d = -5*v + n. List the prime factors of v.
5, 13
Suppose 75*g - 20 = 70*g. Suppose 1 = 3*f + g. What are the prime factors of (1 - 3 - f) + (-27)/(-3)?
2
List the prime factors of (-8 - 21504/30)/((-147)/(-50) - 3).
2, 5, 151
Let f(m) be the second derivative of -m**5/20 - 2*m**4/3 + 7*m**3/3 + 6*m**2 + 13*m. Suppose -6*n + 3*n - 33 = 0. What are the prime factors of f(n)?
13, 17
Let n = 173 + -173. Suppose 51 = s + 5*i, n = 4*s - 5*i + 9*i - 236. List the prime factors of s.
61
Let l be (321/9 + 3)/(2/9). Suppose -3*m = 3*u - 300, 0 = 4*m + u + u - 408. Let h = l - m. What are the prime factors of h?
2, 5, 7
Let f be (3 - 6) + 8 + -9. Suppose -i = 4*n - 28, -7 = -n - 3*i - 2*i. What are the prime factors of n/((-14)/(-48)) + f?
2, 5
Let c be (-66)/11 - -3 - 2/1. What are the prime factors of (-34 - 5)/(3/c)?
5, 13
Suppose -56 = -c - 54. Suppose -c*m = l - 1517, -m = -0*l + 2*l - 751. List the prime factors of m.
761
Suppose 65*j = 55*j + 1020. Let f be (24/15)/(1/(-5)). Let p = j - f. What are the prime factors of p?
2, 5, 11
Let q = -210 + 212. Suppose -q*t + 8*d = 12*d - 1408, d - 2816 = -4*t. What are the prime factors of t?
2, 11
Suppose -28*v + 7*u = -32*v + 24157, -3*u + 24177 = 4*v. What are the prime factors of v?
2, 3, 7
Let f(v) = -68*v**3 - 5*v**2 - 50*v - 382. What are the prime factors of f(-6)?
2, 7213
Let l = 3104 + -2536. List the prime factors of l.
2, 71
Suppose 9*u + 2 = 29. Suppose -l + 960 = u*a, -4*l + 2*l + 963 = 3*a. List the prime factors of a.
11, 29
Let y be (-1 + 0)*(-14 + 14). List the prime factors of (72/27 - y)/(4/678).
2, 113
Let c(w) = 2*w**3 - 16*w**2 - 48*w - 31. Let h be c(10). Suppose 4*f = -3*z - 915, -f - 224 = -4*z - 0*z. Let d = h - f. What are the prime factors of d?
3, 13
Let u = 50 + -45. Suppose 2 = -2*v + 10, -u*k + v - 34 = 0. What are the prime factors of 502/8*(3 - k - 5)?
251
Suppose 12 = 4*t, 34 = 5*g + 5*t - 31. List the prime factors of 2/g*4*3995/17.
2, 47
Suppose -108 = -41*u + 56. Suppose -r + 4*d + 722 = 0, -3*d + d = -u*r + 2860. List the prime factors of r.
2, 3, 7, 17
Let h(p) = -116*p + 3653. List the prime factors of h(-61).
10729
What are the prime factors of ((-3437)/28)/(1 + -2)*260?
5, 13, 491
Suppose -81254 = -4*i + f, 3*i - f = 2*f + 60954. List the prime factors of i.
2, 2539
Let f be (-6)/57 + 2/19. Suppose 9*h - 4311 = -f*h. What are the prime factors of h?
479
Let f(b) = 3*b**2 + 13*b + 32. Let m(l) = l**3 + 19*l**2 - 21*l - 32. Let c be m(-20). List the prime factors of f(c).
2, 7, 11
Let a = 308 - 303. Suppose -3*j = -a*c - 2528, -j - 2*c + 845 = -6*c. List the prime factors of j.
29
Suppose -15 = 9*h - 12*h. Suppose -3*d - 4*f + f = -771, -5*f = -h*d + 1325. What are the prime factors of d?
3, 29
Let p = -50317 - -127292. List the prime factors of p.
5, 3079
Let w = -46 + 19. Let j = w - -301. What are the prime factors of j?
2, 137
Suppose 37*m - 38*m = n - 24081, -5*n + 4*m = -120441. What are the prime factors of n?
5, 4817
Let b(k) be the second derivative of k**4/12 - 4*k**3/3 - 6*k**2 + 35*k. Let u be b(10). Suppose 2*n = u*n - 1008. What are the prime factors of n?
2, 3, 7
Suppose -105 = 26*n + 9*n. What are the prime factors of (589/n)/(28/(-84))?
19, 31
Let q(p) = p**3 - 4*p**2 - p + 5. Let n be q(4). Let u be (-7)/((-7)/(-9)) - -4. What are the prime factors of 916/10 - (n - (-7)/u)?
2, 23
Let l(v) = -3*v + 138. Let j be l(-28). Let h = j - 28. What are the prime factors of h?
2, 97
Let p be -1 + 2298 - (-20)/(10 - 6). Suppose p = 8*c - 1034. List the prime factors of c.
3, 139
Let p = 27 + -25. Let z be (7 - 4)*p/(-3) - -3. List the prime factors of 12 + 136 + 1/z.
149
List the prime factors of ((-9289)/4 + 13)*-4.
3, 3079
Let c = 68 - 66. Suppose 341 = 5*q + 2*f, q - 6*q + 349 = -c*f. What are the prime factors of ((-5)/((-25)/6))/(q/2990)?
2, 13
Let k = 215 + -140. Let d be 10/k*3*1110. Suppose 5*z - 5*w + w = 528, 4*z - d = -4*w. What are the prime factors of z?
2, 3
What are the prime factors of (4/4)/((-16)/(-63200))?
2, 5, 79
Let x be (35/3)/((-3620)/330 - -11). Let j = 620 - x. List the prime factors of j.
5, 47
Let g(i) = 507*i - 3168. List the prime factors of g(16).
2, 3, 103
Let i(v) = -v**3 + 4*v**2 + 4*v - 10. Let t be i(5). List the prime factors of -1 - ((-26042)/15 - 2/t).
5, 347
Let s = -30 - -1492. Suppose 398*b = 400*b - s. List the prime factors of b.
17, 43
Let p = 285 + -92. Suppose 5*u = 247 + p. Suppose -8*v + u = -240. List the prime factors of v.
41
Suppose -1531 = -4*r - 3*u + 3072, -4*u = 3*r - 3454. Let p = r + -609. What are the prime factors of p?
541
Suppose -134497 + 460972 = 45*h - 433620. What are the prime factors of h?
7, 19, 127
Let c = 3440 - 1811. List the prime factors of ((-1)/(-4))/((-9)/(c*-12)).
3, 181
What are the prime factors of (-691 - 50/(-10))*-1?
2, 7
Suppose 0 = -12*b + 15*b - 4*h + 8, b = -4*h + 24. What are the prime factors of ((-668)/b)/(1 + -2)?
167
Suppose -4*d = -0 + 48. List the prime factors of (-367)/(-1) - -3*(-12)/d.
2, 5, 37
Suppose 4*x - 2*n - 25000 = 0, -4*n + 14193 = 5*x - 17083. List the prime factors of x.
2, 3, 521
Let p = 154 + -169. What are the prime factors of (6/p*-24)/((-3)/(-70))?
2, 7
Suppose p - 3*p = -90. Suppose 59*f - 61*f - 46 = 0. Let k = p - f. List the prime factors of k.
2, 17
Suppose -6*w = 800 - 26. List the prime factors of (-7181)/w*(-1 + (-4)/(-1)).
167
Suppose 1523 = o + g, -3*o + 2*o + 3*g = -1523. Let q = -893 + o. What are the prime factors of q?
2, 3, 5, 7
Suppose -2*v - 4*x + 16836 = 0, 7*v - 2*v + 3*x - 42125 = 0. List the prime factors of v.
2, 7, 43
List the prime factors of (160605/36 + -26)/(2/16).
2, 113, 157
Suppose 0 = 4*m + 236*n - 241*n - 116966, 3*n = -2*m + 58494. What are the prime factors of m?
2, 3, 2437
Let q(r) = 2*r**3 + 16*r**2 - 553*r - 33. List the prime factors of q(21).
2, 3, 43
Suppose 20 = -6*f + f, 3*k - 40616 = 2*f. List the